
What is the ten thousands digit of 83149?
8
What is the tens digit of 4569?
6
What is the hundreds digit of 1149?
1
What is the hundreds digit of 7148?
1
What is the tens digit of 1234?
3
What is the thousands digit of 2930?
2
What is the units digit of 1617?
7
What is the thousands digit of 6257?
6
What is the units digit of 807?
7
What is the units digit of 22129?
9
What is the units digit of 219?
9
What is the hundreds digit of 2168?
1
What is the ten thousands digit of 10009?
1
What is the units digit of 87?
7
What is the units digit of 1887?
7
What is the tens digit of 259?
5
What is the units digit of 19332?
2
What is the hundreds digit of 2232?
2
What is the tens digit of 6163?
6
What is the hundreds digit of 14208?
2
What is the thousands digit of 22273?
2
What is the hundreds digit of 11913?
9
What is the units digit of 8010?
0
What is the tens digit of 4470?
7
What is the units digit of 856?
6
What is the tens digit of 14179?
7
What is the thousands digit of 1578?
1
What is the hundreds digit of 80193?
1
What is the hundreds digit of 6695?
6
What is the thousands digit of 22558?
2
What is the thousands digit of 17675?
7
What is the hundreds digit of 707?
7
What is the units digit of 550?
0
What is the thousands digit of 3562?
3
What is the tens digit of 12845?
4
What is the units digit of 735?
5
What is the units digit of 499?
9
What is the tens digit of 202351?
5
What is the hundreds digit of 2392?
3
What is the thousands digit of 2342?
2
What is the thousands digit of 106378?
6
What is the units digit of 3734?
4
What is the tens digit of 32249?
4
What is the hundred thousands digit of 115656?
1
What is the hundreds digit of 28268?
2
What is the tens digit of 17962?
6
What is the units digit of 2310?
0
What is the thousands digit of 1177?
1
What is the units digit of 776?
6
What is the thousands digit of 11358?
1
What is the hundreds digit of 21554?
5
What is the thousands digit of 67661?
7
What is the units digit of 15218?
8
What is the tens digit of 8533?
3
What is the ten thousands digit of 25239?
2
What is the units digit of 1356?
6
What is the ten thousands digit of 29767?
2
What is the tens digit of 492?
9
What is the hundreds digit of 818?
8
What is the hundreds digit of 22288?
2
What is the tens digit of 4735?
3
What is the units digit of 21600?
0
What is the thousands digit of 52916?
2
What is the units digit of 12265?
5
What is the hundreds digit of 1242?
2
What is the units digit of 41671?
1
What is the units digit of 119?
9
What is the thousands digit of 1636?
1
What is the tens digit of 895?
9
What is the tens digit of 7477?
7
What is the hundreds digit of 367?
3
What is the hundreds digit of 9958?
9
What is the ten thousands digit of 22081?
2
What is the tens digit of 160?
6
What is the hundreds digit of 19825?
8
What is the hundreds digit of 9043?
0
What is the thousands digit of 2121?
2
What is the ten thousands digit of 18596?
1
What is the hundreds digit of 8912?
9
What is the ten thousands digit of 176488?
7
What is the hundreds digit of 960?
9
What is the thousands digit of 3690?
3
What is the tens digit of 270?
7
What is the ten thousands digit of 20774?
2
What is the units digit of 337?
7
What is the units digit of 635?
5
What is the hundreds digit of 2273?
2
What is the ten thousands digit of 26364?
2
What is the tens digit of 94?
9
What is the tens digit of 29105?
0
What is the units digit of 9261?
1
What is the hundreds digit of 58274?
2
What is the tens digit of 46845?
4
What is the units digit of 1558?
8
What is the units digit of 54745?
5
What is the hundreds digit of 682?
6
What is the hundreds digit of 735?
7
What is the thousands digit of 3377?
3
What is the units digit of 22056?
6
What is the ten thousands digit of 22937?
2
What is the hundreds digit of 950?
9
What is the hundreds digit of 493?
4
What is the hundreds digit of 4558?
5
What is the tens digit of 3265?
6
What is the units digit of 15232?
2
What is the tens digit of 4994?
9
What is the ten thousands digit of 78424?
7
What is the tens digit of 3550?
5
What is the hundreds digit of 26194?
1
What is the units digit of 386?
6
What is the thousands digit of 3764?
3
What is the ten thousands digit of 39023?
3
What is the thousands digit of 28636?
8
What is the hundreds digit of 3250?
2
What is the hundreds digit of 13303?
3
What is the thousands digit of 1432?
1
What is the tens digit of 53353?
5
What is the thousands digit of 9008?
9
What is the tens digit of 9164?
6
What is the thousands digit of 5344?
5
What is the thousands digit of 13286?
3
What is the ten thousands digit of 89110?
8
What is the units digit of 38932?
2
What is the thousands digit of 1909?
1
What is the hundreds digit of 2854?
8
What is the ten thousands digit of 50200?
5
What is the units digit of 1353?
3
What is the tens digit of 35701?
0
What is the thousands digit of 12754?
2
What is the tens digit of 38874?
7
What is the units digit of 848?
8
What is the hundreds digit of 1618?
6
What is the thousands digit of 7263?
7
What is the thousands digit of 1540?
1
What is the units digit of 1905?
5
What is the units digit of 181?
1
What is the tens digit of 14?
1
What is the thousands digit of 43948?
3
What is the ten thousands digit of 37735?
3
What is the units digit of 2798?
8
What is the units digit of 777?
7
What is the units digit of 1421?
1
What is the units digit of 409?
9
What is the units digit of 3502?
2
What is the ten thousands digit of 30273?
3
What is the ten thousands digit of 32464?
3
What is the tens digit of 52?
5
What is the thousands digit of 118844?
8
What is the hundreds digit of 28442?
4
What is the units digit of 18300?
0
What is the thousands digit of 71761?
1
What is the hundreds digit of 1760?
7
What is the units digit of 1389?
9
What is the thousands digit of 146827?
6
What is the thousands digit of 1216?
1
What is the units digit of 35?
5
What is the tens digit of 22930?
3
What is the units digit of 8629?
9
What is the tens digit of 2577?
7
What is the tens digit of 32343?
4
What is the thousands digit of 13359?
3
What is the units digit of 23443?
3
What is the tens digit of 1707?
0
What is the hundreds digit of 154081?
0
What is the ten thousands digit of 14186?
1
What is the hundreds digit of 10410?
4
What is the units digit of 4812?
2
What is the hundreds digit of 4498?
4
What is the tens digit of 4555?
5
What is the hundreds digit of 5335?
3
What is the units digit of 6483?
3
What is the thousands digit of 10515?
0
What is the tens digit of 238?
3
What is the thousands digit of 1082?
1
What is the hundreds digit of 383?
3
What is the tens digit of 382?
8
What is the units digit of 3744?
4
What is the tens digit of 71054?
5
What is the tens digit of 13929?
2
What is the tens digit of 2710?
1
What is the units digit of 556?
6
What is the tens digit of 82406?
0
What is the tens digit of 3646?
4
What is the units digit of 27717?
7
What is the hundreds digit of 3398?
3
What is the tens digit of 2105?
0
What is the tens digit of 10564?
6
What is the tens digit of 61105?
0
What is the units digit of 166020?
0
What is the hundreds digit of 81779?
7
What is the thousands digit of 17281?
7
What is the tens digit of 1156?
5
What is the units digit of 946?
6
What is the hundreds digit of 894?
8
What is the thousands digit of 3299?
3
What is the units digit of 17443?
3
What is the thousands digit of 13485?
3
What is the tens digit of 1014?
1
What is the tens digit of 874?
7
What is the tens digit of 5238?
3
What is the hundreds digit of 13603?
6
What is the hundreds digit of 18687?
6
What is the tens digit of 1136?
3
What is the hundreds digit of 1054?
0
What is the tens digit of 2203?
0
What is the hundreds digit of 7581?
5
What is the units digit of 24144?
4
What is the thousands digit of 3293?
3
What is the tens digit of 24142?
4
What is the thousands digit of 3743?
3
What is the units digit of 485?
5
What is the units digit of 15884?
4
What is the hundreds digit of 16437?
4
What is the hundreds digit of 6526?
5
What is the tens digit of 71?
7
What is the tens digit of 21?
2
What is the tens digit of 116121?
2
What is the ten thousands digit of 28943?
2
What is the units digit of 8886?
6
What is the units digit of 103733?
3
What is the tens digit o